{"id":306872,"date":"2015-11-03T09:16:27","date_gmt":"2015-11-03T09:16:27","guid":{"rendered":"https:\/\/amz.luba.de\/index.php\/product\/blendtec-designer-725-metallic-inkl-wildside-jar-hochleistungsmixer-blender-farbe-metallic-2\/"},"modified":"2026-04-04T09:53:13","modified_gmt":"2026-04-04T07:53:13","slug":"blendtec-designer-725-metallic-inkl-wildside-jar-hochleistungsmixer-blender-farbe-metallic-2","status":"publish","type":"product","link":"https:\/\/amz.luba.de\/index.php\/product\/blendtec-designer-725-metallic-inkl-wildside-jar-hochleistungsmixer-blender-farbe-metallic-2\/","title":{"rendered":"Blendtec Designer 725 Metallic inkl. WildSide+ Jar &#8211; Hochleistungsmixer \/ Blender (Farbe: Metallic)"},"content":{"rendered":"<p>Hochleistungsmixer Blendtec Designer 725. Mit dem extrem leistungsstarken Standmixer Blendtec Designer 725 bereiten Sie in Sekundenschnelle professionell Smoothies, Salsa, Suppen und vieles mehr. Professionelle Kraft sowie vielseitige Nutzungsm\u00f6glichkeiten machen den Mixer zum ultimativen K\u00fcchenger\u00e4t und dabei sieht er auch noch gut aus. Mit dem patentierten Twister Jar (Beh\u00e4lter) gelingt selbst die Zubereitung von Nussmus, Mandelmehl u.v.m. ganz einfach. Die Vorteile im \u00dcberblick: \u0095 3,8 PS Maximalleistung (ca. 2790 Watt) \u0095 Beleuchtete Touch-Oberfl\u00e4che und LCD-Display \u0095 6 vorprogrammierte Abl\u00e4ufe: Smoothie, Dips, Sorbet, Saft (aus ganzen Fr\u00fcchten), hei\u00dfe Suppe und Reinigung \u0095 Zubereitung faserfreier S\u00e4fte und Shakes durch sehr hohe Umdrehungszahl \u0095 100 Ausw\u00e4hlbare Geschwindigkeitsstufen durch Touch Schieberegler + Pulse Funktion \u0095 Beleuchtetes LCD Display zeigt die verbleibene Zeit des Vorgangs an \u0095 Die Qualit\u00e4t der Blendtec Blender ist unu?bertroffen. Sie werden viele Jahre an Ihrem wunderbaren und zuverl\u00e4ssigen Blendtec Blender Freude haben. Technische Daten: Ma\u00dfe (B x T x H): 17,8 x 23,4 x 39,6 cm Gewicht: ca. 5,3 kg Beh\u00e4ltervolumen: ca. 2,6 Liter (Beh\u00e4lter aus Tritan, BPA-frei) Industriemotor mit 3,8 PS Lieferumfang : Blendtec Designer 725 Mixer Tritan-Beh\u00e4lter (ca. 2,6 &#8211; Liter) mit Schneidewerk, Deckel Bedienungsanleitung<\/p>\n","protected":false},"excerpt":{"rendered":"<p>Hochleistungsmixer Blendtec Designer 725. Mit dem extrem leistungsstarken Standmixer Blendtec Designer 725 bereiten Sie in Sekundenschnelle professionell Smoothies, Salsa, Suppen und vieles mehr. Professionelle Kraft sowie vielseitige Nutzungsm\u00f6glichkeiten machen den Mixer zum ultimativen K\u00fcchenger\u00e4t und dabei sieht er auch noch gut aus. Mit dem patentierten Twister Jar (Beh\u00e4lter) gelingt selbst die Zubereitung von Nussmus, Mandelmehl [&hellip;]<\/p>\n","protected":false},"featured_media":306714,"comment_status":"closed","ping_status":"closed","template":"","meta":[],"product_brand":[],"product_cat":[15],"product_tag":[],"class_list":{"0":"post-306872","1":"product","2":"type-product","3":"status-publish","4":"has-post-thumbnail","6":"product_cat-uncategorized","8":"first","9":"instock","10":"taxable","11":"shipping-taxable","12":"purchasable","13":"product-type-simple"},"_links":{"self":[{"href":"https:\/\/amz.luba.de\/index.php\/wp-json\/wp\/v2\/product\/306872","targetHints":{"allow":["GET"]}}],"collection":[{"href":"https:\/\/amz.luba.de\/index.php\/wp-json\/wp\/v2\/product"}],"about":[{"href":"https:\/\/amz.luba.de\/index.php\/wp-json\/wp\/v2\/types\/product"}],"replies":[{"embeddable":true,"href":"https:\/\/amz.luba.de\/index.php\/wp-json\/wp\/v2\/comments?post=306872"}],"wp:featuredmedia":[{"embeddable":true,"href":"https:\/\/amz.luba.de\/index.php\/wp-json\/wp\/v2\/media\/306714"}],"wp:attachment":[{"href":"https:\/\/amz.luba.de\/index.php\/wp-json\/wp\/v2\/media?parent=306872"}],"wp:term":[{"taxonomy":"product_brand","embeddable":true,"href":"https:\/\/amz.luba.de\/index.php\/wp-json\/wp\/v2\/product_brand?post=306872"},{"taxonomy":"product_cat","embeddable":true,"href":"https:\/\/amz.luba.de\/index.php\/wp-json\/wp\/v2\/product_cat?post=306872"},{"taxonomy":"product_tag","embeddable":true,"href":"https:\/\/amz.luba.de\/index.php\/wp-json\/wp\/v2\/product_tag?post=306872"}],"curies":[{"name":"wp","href":"https:\/\/api.w.org\/{rel}","templated":true}]}}