{"id":308128,"date":"2020-05-05T10:47:19","date_gmt":"2020-05-05T10:47:19","guid":{"rendered":"https:\/\/amz.luba.de\/index.php\/product\/vabon-safety-premium-gesichtsschutz-1mm-dick-verstellbar-hoher-visier-schutzvisier-spuckschutz-anti-fog-anti-beschlag-augenschutz-shield-for-face-face-visor\/"},"modified":"2026-03-09T09:08:41","modified_gmt":"2026-03-09T08:08:41","slug":"vabon-safety-premium-gesichtsschutz-1mm-dick-verstellbar-hoher-visier-schutzvisier-spuckschutz-anti-fog-anti-beschlag-augenschutz-shield-for-face-face-visor","status":"publish","type":"product","link":"https:\/\/amz.luba.de\/index.php\/product\/vabon-safety-premium-gesichtsschutz-1mm-dick-verstellbar-hoher-visier-schutzvisier-spuckschutz-anti-fog-anti-beschlag-augenschutz-shield-for-face-face-visor\/","title":{"rendered":"Vabon Safety Premium Gesichtsschutz, 1mm dick, verstellbar, hoher, Visier, Schutzvisier, Spuckschutz, Anti Fog\/Anti-Beschlag, Augenschutz, Shield for Face, Face Visor"},"content":{"rendered":"<p>-Visier Glasklar durch Duckkn\u00f6pfe abnehmbar. -Hochwertiges Mikrofaser Schwei\u00dfband. -Variabel einstellbar daher hohe Passgenauigkeit. -Auf alle g\u00e4ngigen Kopfgr\u00f6\u00dfen einstellbar. -Der Artikel ist ein Leichtgewicht nur ca. 140 Gramm. -Schwei\u00dfband und Scheibe innerhalb Sekunden austauschbar. -Abwaschbar &#8211; F\u00fcr Brillentr\u00e4ger geeignet &#8211; Die Bestandteile des Artikels sind REACH konform. Materialien: Halterung: PE Material 1,2 (Polyethylen) Schild: Macrolon 1mm St\u00e4rke Schwei\u00dfband \u0096 Mikrofaser und PU Schaum FRB 3003 EU. Die St\u00e4rke des Schutzschildes \u0096 1mm Abwaschbar mit Geschirrsp\u00fclmittel, Seife etc. jedoch keine Scheuermittel, kein Spiritus, Benzin, Nitroverd\u00fcnnung oder \u00e4hnliches. Der Hersteller gibt gleichwohl keine Garantie auf Eigenschaften irgendeiner Art, (mangels spezifischer Langzeit-Tests). Der Anwender hat eigenverantwortlich dieses Produkt auf seine Verwendbarkeit zu pr\u00fcfen. Alle verwendeten Teile\/Artikel werden im Arbeitsschutzbereich oder Kopfbedeckungsbereich, bereits viele Jahre eingesetzt und haben sich bestens bew\u00e4hrt. Made in Germany<\/p>\n","protected":false},"excerpt":{"rendered":"<p>-Visier Glasklar durch Duckkn\u00f6pfe abnehmbar. -Hochwertiges Mikrofaser Schwei\u00dfband. -Variabel einstellbar daher hohe Passgenauigkeit. -Auf alle g\u00e4ngigen Kopfgr\u00f6\u00dfen einstellbar. -Der Artikel ist ein Leichtgewicht nur ca. 140 Gramm. -Schwei\u00dfband und Scheibe innerhalb Sekunden austauschbar. -Abwaschbar &#8211; F\u00fcr Brillentr\u00e4ger geeignet &#8211; Die Bestandteile des Artikels sind REACH konform. Materialien: Halterung: PE Material 1,2 (Polyethylen) Schild: Macrolon 1mm [&hellip;]<\/p>\n","protected":false},"featured_media":308129,"comment_status":"closed","ping_status":"closed","template":"","meta":[],"product_brand":[],"product_cat":[15],"product_tag":[],"class_list":{"0":"post-308128","1":"product","2":"type-product","3":"status-publish","4":"has-post-thumbnail","6":"product_cat-uncategorized","8":"first","9":"instock","10":"taxable","11":"shipping-taxable","12":"purchasable","13":"product-type-simple"},"_links":{"self":[{"href":"https:\/\/amz.luba.de\/index.php\/wp-json\/wp\/v2\/product\/308128","targetHints":{"allow":["GET"]}}],"collection":[{"href":"https:\/\/amz.luba.de\/index.php\/wp-json\/wp\/v2\/product"}],"about":[{"href":"https:\/\/amz.luba.de\/index.php\/wp-json\/wp\/v2\/types\/product"}],"replies":[{"embeddable":true,"href":"https:\/\/amz.luba.de\/index.php\/wp-json\/wp\/v2\/comments?post=308128"}],"wp:featuredmedia":[{"embeddable":true,"href":"https:\/\/amz.luba.de\/index.php\/wp-json\/wp\/v2\/media\/308129"}],"wp:attachment":[{"href":"https:\/\/amz.luba.de\/index.php\/wp-json\/wp\/v2\/media?parent=308128"}],"wp:term":[{"taxonomy":"product_brand","embeddable":true,"href":"https:\/\/amz.luba.de\/index.php\/wp-json\/wp\/v2\/product_brand?post=308128"},{"taxonomy":"product_cat","embeddable":true,"href":"https:\/\/amz.luba.de\/index.php\/wp-json\/wp\/v2\/product_cat?post=308128"},{"taxonomy":"product_tag","embeddable":true,"href":"https:\/\/amz.luba.de\/index.php\/wp-json\/wp\/v2\/product_tag?post=308128"}],"curies":[{"name":"wp","href":"https:\/\/api.w.org\/{rel}","templated":true}]}}