{"id":323898,"date":"2023-05-25T23:08:09","date_gmt":"2023-05-25T21:08:09","guid":{"rendered":"https:\/\/amz.luba.de\/?post_type=product&#038;p=323898"},"modified":"2026-03-03T11:53:40","modified_gmt":"2026-03-03T10:53:40","slug":"nostalgia-mikrowelle","status":"publish","type":"product","link":"https:\/\/amz.luba.de\/index.php\/product\/nostalgia-mikrowelle\/","title":{"rendered":"Nostalgia Retro Mikrowelle, 25 Liter, 800 Watt, Standger\u00e4t"},"content":{"rendered":"<div id=\"productDescription_feature_div\" class=\"celwidget\" data-feature-name=\"productDescription_EU5\" data-csa-c-type=\"widget\" data-csa-c-content-id=\"productDescription_EU5\" data-csa-c-slot-id=\"productDescription_feature_div\" data-csa-c-asin=\"\" data-csa-c-is-in-initial-active-row=\"false\" data-csa-c-id=\"ucliil-ny2760-aikon6-hclizp\" data-cel-widget=\"productDescription_feature_div\">\n<div>\n<div id=\"productDescription_feature_div\" class=\"a-row feature\" data-feature-name=\"productDescription\" data-template-name=\"productDescription\" data-cel-widget=\"productDescription_feature_div\">\n<div id=\"productDescription\" class=\"a-section a-spacing-small\">\n<p>Mit einem sch\u00f6nen und schlanken Retro-Design wird diese Mikrowelle sicher auffallen. Es verf\u00fcgt \u00fcber 12 vorprogrammierte Kocheinstellungen und ein helles LED-Display, was die Benutzerfreundlichkeit vereinfacht. F\u00fcnf Leistungsstufen und 800 Watt Leistung sind ideal zum Aufw\u00e4rmen von Resten oder zum Kochen von Speisen.<\/p>\n<\/div>\n<\/div>\n<\/div>\n<\/div>\n","protected":false},"excerpt":{"rendered":"<p>Mit einem sch\u00f6nen und schlanken Retro-Design wird diese Mikrowelle sicher auffallen. Es verf\u00fcgt \u00fcber 12 vorprogrammierte Kocheinstellungen und ein helles LED-Display, was die Benutzerfreundlichkeit vereinfacht. F\u00fcnf Leistungsstufen und 800 Watt Leistung sind ideal zum Aufw\u00e4rmen von Resten oder zum Kochen von Speisen.<\/p>\n","protected":false},"featured_media":0,"comment_status":"open","ping_status":"closed","template":"","meta":[],"product_brand":[],"product_cat":[15],"product_tag":[],"class_list":{"0":"post-323898","1":"product","2":"type-product","3":"status-publish","5":"product_cat-uncategorized","6":"pa_color-rot","7":"pa_color-schwarz","9":"first","10":"instock","11":"taxable","12":"shipping-taxable","13":"purchasable","14":"product-type-variable"},"_links":{"self":[{"href":"https:\/\/amz.luba.de\/index.php\/wp-json\/wp\/v2\/product\/323898","targetHints":{"allow":["GET"]}}],"collection":[{"href":"https:\/\/amz.luba.de\/index.php\/wp-json\/wp\/v2\/product"}],"about":[{"href":"https:\/\/amz.luba.de\/index.php\/wp-json\/wp\/v2\/types\/product"}],"replies":[{"embeddable":true,"href":"https:\/\/amz.luba.de\/index.php\/wp-json\/wp\/v2\/comments?post=323898"}],"wp:attachment":[{"href":"https:\/\/amz.luba.de\/index.php\/wp-json\/wp\/v2\/media?parent=323898"}],"wp:term":[{"taxonomy":"product_brand","embeddable":true,"href":"https:\/\/amz.luba.de\/index.php\/wp-json\/wp\/v2\/product_brand?post=323898"},{"taxonomy":"product_cat","embeddable":true,"href":"https:\/\/amz.luba.de\/index.php\/wp-json\/wp\/v2\/product_cat?post=323898"},{"taxonomy":"product_tag","embeddable":true,"href":"https:\/\/amz.luba.de\/index.php\/wp-json\/wp\/v2\/product_tag?post=323898"}],"curies":[{"name":"wp","href":"https:\/\/api.w.org\/{rel}","templated":true}]}}