{"id":323942,"date":"2023-05-26T15:18:46","date_gmt":"2023-05-26T13:18:46","guid":{"rendered":"https:\/\/amz.luba.de\/?post_type=product&#038;p=323942"},"modified":"2026-05-13T15:40:55","modified_gmt":"2026-05-13T13:40:55","slug":"nostalgia-clhap12aq-klassischer-retro-heisluft-popcornbereiter-fur-90-gramm","status":"publish","type":"product","link":"https:\/\/amz.luba.de\/index.php\/product\/nostalgia-clhap12aq-klassischer-retro-heisluft-popcornbereiter-fur-90-gramm\/","title":{"rendered":"Nostalgia Klassische Retro Hei\u00dfluft Popcornmaschine f\u00fcr 90 Gramm"},"content":{"rendered":"<p>Der Nostalgia CLHAP12 Hei\u00dfluft-Popcorn-Maker ist mit seinem wunderbaren klassischen Retro-Design ein Partyvergn\u00fcgen auf kleiner Gr\u00f6\u00dfe. Das elektrische Popcorn-System verwendet hei\u00dfe Luft anstelle von \u00d6l und erzeugt so einen leichten und gesunden Popcorn-Snack. Die Popcornmaschine enth\u00e4lt einen Messbecher, um sicherzustellen, dass die richtige Anzahl an K\u00f6rnern im Hei\u00dfluft-Popcorn-Popper verwendet wird, und das durchsichtige obere Geh\u00e4use erm\u00f6glicht eine einfache Betrachtung. Der Messbecher eignet sich auch hervorragend zum Schmelzen von Butter! Genie\u00dfen Sie in wenigen Minuten den frischen Geschmack von 85 Gramm hei\u00dfem Popcorn &#8211; das entspricht einer gro\u00dfen T\u00fcte Popcorn im Kino.<\/p>\n","protected":false},"excerpt":{"rendered":"<p>Der Nostalgia CLHAP12 Hei\u00dfluft-Popcorn-Maker ist mit seinem wunderbaren klassischen Retro-Design ein Partyvergn\u00fcgen auf kleiner Gr\u00f6\u00dfe. Das elektrische Popcorn-System verwendet hei\u00dfe Luft anstelle von \u00d6l und erzeugt so einen leichten und gesunden Popcorn-Snack. Die Popcornmaschine enth\u00e4lt einen Messbecher, um sicherzustellen, dass die richtige Anzahl an K\u00f6rnern im Hei\u00dfluft-Popcorn-Popper verwendet wird, und das durchsichtige obere Geh\u00e4use erm\u00f6glicht [&hellip;]<\/p>\n","protected":false},"featured_media":0,"comment_status":"open","ping_status":"closed","template":"","meta":[],"product_brand":[],"product_cat":[15],"product_tag":[],"class_list":{"0":"post-323942","1":"product","2":"type-product","3":"status-publish","5":"product_cat-uncategorized","6":"pa_color-aqua","7":"pa_color-rot","9":"first","10":"instock","11":"taxable","12":"shipping-taxable","13":"purchasable","14":"product-type-variable"},"_links":{"self":[{"href":"https:\/\/amz.luba.de\/index.php\/wp-json\/wp\/v2\/product\/323942","targetHints":{"allow":["GET"]}}],"collection":[{"href":"https:\/\/amz.luba.de\/index.php\/wp-json\/wp\/v2\/product"}],"about":[{"href":"https:\/\/amz.luba.de\/index.php\/wp-json\/wp\/v2\/types\/product"}],"replies":[{"embeddable":true,"href":"https:\/\/amz.luba.de\/index.php\/wp-json\/wp\/v2\/comments?post=323942"}],"wp:attachment":[{"href":"https:\/\/amz.luba.de\/index.php\/wp-json\/wp\/v2\/media?parent=323942"}],"wp:term":[{"taxonomy":"product_brand","embeddable":true,"href":"https:\/\/amz.luba.de\/index.php\/wp-json\/wp\/v2\/product_brand?post=323942"},{"taxonomy":"product_cat","embeddable":true,"href":"https:\/\/amz.luba.de\/index.php\/wp-json\/wp\/v2\/product_cat?post=323942"},{"taxonomy":"product_tag","embeddable":true,"href":"https:\/\/amz.luba.de\/index.php\/wp-json\/wp\/v2\/product_tag?post=323942"}],"curies":[{"name":"wp","href":"https:\/\/api.w.org\/{rel}","templated":true}]}}