{"id":336296,"date":"2023-05-10T13:11:16","date_gmt":"2023-05-10T13:11:16","guid":{"rendered":"https:\/\/amz.luba.de\/index.php\/product\/solis-scala-zero-static-1662-elektrische-kaffeemuhle-coffee-grinder-espressomuhle-mit-24-mahlgradeinstellungen-schutz-gegen-statischen-kaffee-kaffeebohnenbehalter-300-gramm-schwarz\/"},"modified":"2026-02-17T10:28:21","modified_gmt":"2026-02-17T09:28:21","slug":"solis-scala-zero-static-1662-elektrische-kaffeemuhle-coffee-grinder-espressomuhle-mit-24-mahlgradeinstellungen-schutz-gegen-statischen-kaffee-kaffeebohnenbehalter-300-gramm-schwarz","status":"publish","type":"product","link":"https:\/\/amz.luba.de\/index.php\/product\/solis-scala-zero-static-1662-elektrische-kaffeemuhle-coffee-grinder-espressomuhle-mit-24-mahlgradeinstellungen-schutz-gegen-statischen-kaffee-kaffeebohnenbehalter-300-gramm-schwarz\/","title":{"rendered":"Solis Scala Zero Static 1662 Elektrische Kaffeem\u00fchle &#8211; Coffee Grinder &#8211; Espressom\u00fchle mit 24 Mahlgradeinstellungen &#8211; Schutz Gegen Statischen Kaffee &#8211; Kaffeebohnenbeh\u00e4lter 300 Gramm &#8211; Schwarz"},"content":{"rendered":"<ul class=\"amazon_features\">\n<li>PERFEKTER KAFFEE JEDEN TAG &#8211; Die perfekte Tasse Kaffee beginnt mit perfekt gemahlenen Bohnen. M\u00f6chten Sie nicht auch jeden Tag die perfekte Tasse Kaffee zubereiten? Kein Problem mit der Scala Zero Static Kaffeem\u00fchle.<\/li>\n<li>GROSSER BOHNENBEH\u00c4LTER &#8211; Der ger\u00e4umige Bohnenbeh\u00e4lter bietet Platz f\u00fcr bis zu 300 Gramm Kaffeebohnen, was f\u00fcr durchschnittlich 40 k\u00f6stliche Tassen Kaffee reicht. Der Bohnenbeh\u00e4lter ist luftdicht, wodurch die Qualit\u00e4t der Kaffeebohnen erhalten bleibt.<\/li>\n<li>SAUBERE BOHNENM\u00dcHLE &#8211; Die Coffee Grinder ist nicht statisch, daher bleibt kein Kaffee an den W\u00e4nden des Kaffeebeh\u00e4lters &#8220;kleben&#8221;.<\/li>\n<li>ABMESSUNGEN: 13,5 x 17 x 28,5 (B x L x H) und die Scala Zero Static Espressom\u00fchle hat ein Gewicht von 1620 g<\/li>\n<li>LIEFERUMFANG &#8211; Solis Scala Zero Static 1662 Kaffeem\u00fchle Elektrisch, Inklusive Reinigungsb\u00fcrste. Ma\u00dfe: 13.5 x 17 x 28.5, Gewicht: 1620 Gramm<\/li>\n<\/ul>\n","protected":false},"excerpt":{"rendered":"<p>PERFEKTER KAFFEE JEDEN TAG &#8211; Die perfekte Tasse Kaffee beginnt mit perfekt gemahlenen Bohnen. M\u00f6chten Sie nicht auch jeden Tag die perfekte Tasse Kaffee zubereiten? Kein Problem mit der Scala Zero Static Kaffeem\u00fchle. GROSSER BOHNENBEH\u00c4LTER &#8211; Der ger\u00e4umige Bohnenbeh\u00e4lter bietet Platz f\u00fcr bis zu 300 Gramm Kaffeebohnen, was f\u00fcr durchschnittlich 40 k\u00f6stliche Tassen Kaffee reicht. [&hellip;]<\/p>\n","protected":false},"featured_media":336297,"comment_status":"closed","ping_status":"closed","template":"","meta":[],"product_brand":[],"product_cat":[15],"product_tag":[],"class_list":{"0":"post-336296","1":"product","2":"type-product","3":"status-publish","4":"has-post-thumbnail","6":"product_cat-uncategorized","8":"first","9":"onbackorder","10":"taxable","11":"shipping-taxable","12":"purchasable","13":"product-type-simple"},"_links":{"self":[{"href":"https:\/\/amz.luba.de\/index.php\/wp-json\/wp\/v2\/product\/336296","targetHints":{"allow":["GET"]}}],"collection":[{"href":"https:\/\/amz.luba.de\/index.php\/wp-json\/wp\/v2\/product"}],"about":[{"href":"https:\/\/amz.luba.de\/index.php\/wp-json\/wp\/v2\/types\/product"}],"replies":[{"embeddable":true,"href":"https:\/\/amz.luba.de\/index.php\/wp-json\/wp\/v2\/comments?post=336296"}],"wp:featuredmedia":[{"embeddable":true,"href":"https:\/\/amz.luba.de\/index.php\/wp-json\/wp\/v2\/media\/336297"}],"wp:attachment":[{"href":"https:\/\/amz.luba.de\/index.php\/wp-json\/wp\/v2\/media?parent=336296"}],"wp:term":[{"taxonomy":"product_brand","embeddable":true,"href":"https:\/\/amz.luba.de\/index.php\/wp-json\/wp\/v2\/product_brand?post=336296"},{"taxonomy":"product_cat","embeddable":true,"href":"https:\/\/amz.luba.de\/index.php\/wp-json\/wp\/v2\/product_cat?post=336296"},{"taxonomy":"product_tag","embeddable":true,"href":"https:\/\/amz.luba.de\/index.php\/wp-json\/wp\/v2\/product_tag?post=336296"}],"curies":[{"name":"wp","href":"https:\/\/api.w.org\/{rel}","templated":true}]}}