{"id":336315,"date":"2020-03-30T07:13:17","date_gmt":"2020-03-30T07:13:17","guid":{"rendered":"https:\/\/amz.luba.de\/index.php\/product\/tribest-sedona-express-kunststoff-sd-p6280-f-dorrautomat-2\/"},"modified":"2026-02-17T10:28:45","modified_gmt":"2026-02-17T09:28:45","slug":"tribest-sedona-express-kunststoff-sd-p6280-f-dorrautomat-2","status":"publish","type":"product","link":"https:\/\/amz.luba.de\/index.php\/product\/tribest-sedona-express-kunststoff-sd-p6280-f-dorrautomat-2\/","title":{"rendered":"Tribest Sedona Express Kunststoff (sd-p6280-f) D\u00f6rrautomat"},"content":{"rendered":"<p>Merkmale: Ma\u00dfe: 44,5 x 30,5 x 35,6 cm (B x T x h), Anzahl der Gitter 11: 1 Tablett Auffangtasche f\u00fcr Kr\u00fcmel von Ma\u00dfe Gitter: 32,2 x 24,9 cm cm, Oberfl\u00e4che: Eins\u00e4tze 801 cm2 der Gesamtfl\u00e4che von Dehydratation (Wassermangel): 8.820 cm2 Art der Kontrolle: digital Auswaschbarer Luftfilter und wiederverwendbar Ecliarage innen Kosten Leistung: 600 Watt Stromverbrauch: 10 \u20ac0,6 Stunden trocknen Gewicht: 9,3 kg (option Gitter Kunststoffe und 10 kg (option Passierscheiben aus Edelstahl) Material: Kunststoff ohne Bisphenol A oder Edelstahl und Glas f\u00fcr die Hersteller: Gitter Tribest Garantie: 2 Jahre.<\/p>\n","protected":false},"excerpt":{"rendered":"<p>Merkmale: Ma\u00dfe: 44,5 x 30,5 x 35,6 cm (B x T x h), Anzahl der Gitter 11: 1 Tablett Auffangtasche f\u00fcr Kr\u00fcmel von Ma\u00dfe Gitter: 32,2 x 24,9 cm cm, Oberfl\u00e4che: Eins\u00e4tze 801 cm2 der Gesamtfl\u00e4che von Dehydratation (Wassermangel): 8.820 cm2 Art der Kontrolle: digital Auswaschbarer Luftfilter und wiederverwendbar Ecliarage innen Kosten Leistung: 600 Watt [&hellip;]<\/p>\n","protected":false},"featured_media":336316,"comment_status":"closed","ping_status":"closed","template":"","meta":[],"product_brand":[],"product_cat":[15],"product_tag":[],"class_list":{"0":"post-336315","1":"product","2":"type-product","3":"status-publish","4":"has-post-thumbnail","6":"product_cat-uncategorized","8":"first","9":"onbackorder","10":"taxable","11":"shipping-taxable","12":"purchasable","13":"product-type-simple"},"_links":{"self":[{"href":"https:\/\/amz.luba.de\/index.php\/wp-json\/wp\/v2\/product\/336315","targetHints":{"allow":["GET"]}}],"collection":[{"href":"https:\/\/amz.luba.de\/index.php\/wp-json\/wp\/v2\/product"}],"about":[{"href":"https:\/\/amz.luba.de\/index.php\/wp-json\/wp\/v2\/types\/product"}],"replies":[{"embeddable":true,"href":"https:\/\/amz.luba.de\/index.php\/wp-json\/wp\/v2\/comments?post=336315"}],"wp:featuredmedia":[{"embeddable":true,"href":"https:\/\/amz.luba.de\/index.php\/wp-json\/wp\/v2\/media\/336316"}],"wp:attachment":[{"href":"https:\/\/amz.luba.de\/index.php\/wp-json\/wp\/v2\/media?parent=336315"}],"wp:term":[{"taxonomy":"product_brand","embeddable":true,"href":"https:\/\/amz.luba.de\/index.php\/wp-json\/wp\/v2\/product_brand?post=336315"},{"taxonomy":"product_cat","embeddable":true,"href":"https:\/\/amz.luba.de\/index.php\/wp-json\/wp\/v2\/product_cat?post=336315"},{"taxonomy":"product_tag","embeddable":true,"href":"https:\/\/amz.luba.de\/index.php\/wp-json\/wp\/v2\/product_tag?post=336315"}],"curies":[{"name":"wp","href":"https:\/\/api.w.org\/{rel}","templated":true}]}}