{"id":336349,"date":"2025-05-20T08:52:52","date_gmt":"2025-05-20T08:52:52","guid":{"rendered":"https:\/\/amz.luba.de\/index.php\/product\/brod-taylor-ultraleichte-backschale-fur-sauerteigbrot-batard-kein-vorheizen-notig-fur-knusprige-kruste-und-gleichmasiges-backen\/"},"modified":"2026-05-04T10:09:02","modified_gmt":"2026-05-04T08:09:02","slug":"brod-taylor-ultraleichte-backschale-fur-sauerteigbrot-batard-kein-vorheizen-notig-fur-knusprige-kruste-und-gleichmasiges-backen","status":"publish","type":"product","link":"https:\/\/amz.luba.de\/index.php\/product\/brod-taylor-ultraleichte-backschale-fur-sauerteigbrot-batard-kein-vorheizen-notig-fur-knusprige-kruste-und-gleichmasiges-backen\/","title":{"rendered":"Brod &amp; Taylor Ultraleichte Backschale f\u00fcr Sauerteigbrot (Batard) &#8211; kein Vorheizen n\u00f6tig f\u00fcr knusprige Kruste und gleichm\u00e4\u00dfiges Backen"},"content":{"rendered":"<p>Die Brod &#038; Taylor Backschale (Batard) schafft die ideale Umgebung f\u00fcr Brot in Profiqualit\u00e4t. Es f\u00e4ngt Dampf ein und verteilt die W\u00e4rme gleichm\u00e4\u00dfig f\u00fcr professionell aussehende Brote mit einer knusprigen, goldenen Kruste und einem luftigen Innenraum. Im Gegensatz zu einem Dutch Oven ben\u00f6tigt diese Schale kein Vorheizen, sodass Sie keinen hei\u00dfen Beh\u00e4lter ber\u00fchren m\u00fcssen. Legen Sie Ihren Teig einfach auf eine flache Backfl\u00e4che und decken Sie ihn mit der Schale ab. Es k\u00fchlt auch schnell und ohne Risiko, Risse zu verursachen.<\/p>\n","protected":false},"excerpt":{"rendered":"<p>Die Brod &#038; Taylor Backschale (Batard) schafft die ideale Umgebung f\u00fcr Brot in Profiqualit\u00e4t. Es f\u00e4ngt Dampf ein und verteilt die W\u00e4rme gleichm\u00e4\u00dfig f\u00fcr professionell aussehende Brote mit einer knusprigen, goldenen Kruste und einem luftigen Innenraum. Im Gegensatz zu einem Dutch Oven ben\u00f6tigt diese Schale kein Vorheizen, sodass Sie keinen hei\u00dfen Beh\u00e4lter ber\u00fchren m\u00fcssen. Legen [&hellip;]<\/p>\n","protected":false},"featured_media":336350,"comment_status":"closed","ping_status":"closed","template":"","meta":[],"product_brand":[],"product_cat":[15],"product_tag":[],"class_list":{"0":"post-336349","1":"product","2":"type-product","3":"status-publish","4":"has-post-thumbnail","6":"product_cat-uncategorized","8":"first","9":"instock","10":"taxable","11":"shipping-taxable","12":"purchasable","13":"product-type-simple"},"_links":{"self":[{"href":"https:\/\/amz.luba.de\/index.php\/wp-json\/wp\/v2\/product\/336349","targetHints":{"allow":["GET"]}}],"collection":[{"href":"https:\/\/amz.luba.de\/index.php\/wp-json\/wp\/v2\/product"}],"about":[{"href":"https:\/\/amz.luba.de\/index.php\/wp-json\/wp\/v2\/types\/product"}],"replies":[{"embeddable":true,"href":"https:\/\/amz.luba.de\/index.php\/wp-json\/wp\/v2\/comments?post=336349"}],"wp:featuredmedia":[{"embeddable":true,"href":"https:\/\/amz.luba.de\/index.php\/wp-json\/wp\/v2\/media\/336350"}],"wp:attachment":[{"href":"https:\/\/amz.luba.de\/index.php\/wp-json\/wp\/v2\/media?parent=336349"}],"wp:term":[{"taxonomy":"product_brand","embeddable":true,"href":"https:\/\/amz.luba.de\/index.php\/wp-json\/wp\/v2\/product_brand?post=336349"},{"taxonomy":"product_cat","embeddable":true,"href":"https:\/\/amz.luba.de\/index.php\/wp-json\/wp\/v2\/product_cat?post=336349"},{"taxonomy":"product_tag","embeddable":true,"href":"https:\/\/amz.luba.de\/index.php\/wp-json\/wp\/v2\/product_tag?post=336349"}],"curies":[{"name":"wp","href":"https:\/\/api.w.org\/{rel}","templated":true}]}}