{"id":336357,"date":"2016-03-31T18:13:00","date_gmt":"2016-03-31T18:13:00","guid":{"rendered":"https:\/\/amz.luba.de\/index.php\/product\/zusatzgitter-set-fur-brod-taylor-thermobox-garautomat-joghurtgerat-slow-cooker-ein-einem\/"},"modified":"2026-02-17T10:34:06","modified_gmt":"2026-02-17T09:34:06","slug":"zusatzgitter-set-fur-brod-taylor-thermobox-garautomat-joghurtgerat-slow-cooker-ein-einem","status":"publish","type":"product","link":"https:\/\/amz.luba.de\/index.php\/product\/zusatzgitter-set-fur-brod-taylor-thermobox-garautomat-joghurtgerat-slow-cooker-ein-einem\/","title":{"rendered":"Zusatzgitter-Set f\u00fcr Brod &amp; Taylor Thermobox \/ G\u00e4rautomat \/ Joghurtger\u00e4t \/ Slow Cooker ein einem"},"content":{"rendered":"<p>Das faltbare Proofer Zubeh\u00f6rregal schafft eine zweite Ebene im Proofer, ideal zum Abdichten von zwei Blechpfannen oder vier Kastenformen. Verdoppeln Sie die Kapazit\u00e4t Ihrer Brotdose. Dieses zus\u00e4tzliche Regal schafft eine zweite Ebene in Ihrem Brod &#038; Taylor Brotprotektor, so dass der G\u00e4rer zwei Blechpfannen oder vier Kastenformen unterbringen kann. Blechpfannen sollten 37,7 x 30,5 cm oder kleiner sein. Kastenformen sollten etwa 7,6 cm hoch sein, so dass die maximale H\u00f6he des aufgehenden Brotes 10,2 cm (4 Zoll) betr\u00e4gt. Nur f\u00fcr die Verwendung mit dem Brod &#038; Taylor Brotdosierer &#038; Joghurt-Maker (separat erh\u00e4ltlich). Das Gestell hat ausklappbare Beine. Materialien: Edelstahl; Pflege: Sp\u00fclmaschinenfest. Kann auch als K\u00fchlgitter verwendet werden.<\/p>\n","protected":false},"excerpt":{"rendered":"<p>Das faltbare Proofer Zubeh\u00f6rregal schafft eine zweite Ebene im Proofer, ideal zum Abdichten von zwei Blechpfannen oder vier Kastenformen. Verdoppeln Sie die Kapazit\u00e4t Ihrer Brotdose. Dieses zus\u00e4tzliche Regal schafft eine zweite Ebene in Ihrem Brod &#038; Taylor Brotprotektor, so dass der G\u00e4rer zwei Blechpfannen oder vier Kastenformen unterbringen kann. Blechpfannen sollten 37,7 x 30,5 cm [&hellip;]<\/p>\n","protected":false},"featured_media":336358,"comment_status":"closed","ping_status":"closed","template":"","meta":[],"product_brand":[],"product_cat":[15],"product_tag":[],"class_list":{"0":"post-336357","1":"product","2":"type-product","3":"status-publish","4":"has-post-thumbnail","6":"product_cat-uncategorized","8":"first","9":"instock","10":"taxable","11":"shipping-taxable","12":"purchasable","13":"product-type-simple"},"_links":{"self":[{"href":"https:\/\/amz.luba.de\/index.php\/wp-json\/wp\/v2\/product\/336357","targetHints":{"allow":["GET"]}}],"collection":[{"href":"https:\/\/amz.luba.de\/index.php\/wp-json\/wp\/v2\/product"}],"about":[{"href":"https:\/\/amz.luba.de\/index.php\/wp-json\/wp\/v2\/types\/product"}],"replies":[{"embeddable":true,"href":"https:\/\/amz.luba.de\/index.php\/wp-json\/wp\/v2\/comments?post=336357"}],"wp:featuredmedia":[{"embeddable":true,"href":"https:\/\/amz.luba.de\/index.php\/wp-json\/wp\/v2\/media\/336358"}],"wp:attachment":[{"href":"https:\/\/amz.luba.de\/index.php\/wp-json\/wp\/v2\/media?parent=336357"}],"wp:term":[{"taxonomy":"product_brand","embeddable":true,"href":"https:\/\/amz.luba.de\/index.php\/wp-json\/wp\/v2\/product_brand?post=336357"},{"taxonomy":"product_cat","embeddable":true,"href":"https:\/\/amz.luba.de\/index.php\/wp-json\/wp\/v2\/product_cat?post=336357"},{"taxonomy":"product_tag","embeddable":true,"href":"https:\/\/amz.luba.de\/index.php\/wp-json\/wp\/v2\/product_tag?post=336357"}],"curies":[{"name":"wp","href":"https:\/\/api.w.org\/{rel}","templated":true}]}}