{"id":336363,"date":"2019-11-29T19:11:25","date_gmt":"2019-11-29T19:11:25","guid":{"rendered":"https:\/\/amz.luba.de\/index.php\/product\/stockli-silikoneinlage-zu-dorrgitter-aus-bpa-freiem-silikon-in-der-farbe-hellgrau-fur-stark-saftendes-gemuse-oder-fruchte-2-stuck-durchmesser-31-cm-0070-02\/"},"modified":"2026-02-20T16:23:12","modified_gmt":"2026-02-20T15:23:12","slug":"stockli-silikoneinlage-zu-dorrgitter-aus-bpa-freiem-silikon-in-der-farbe-hellgrau-fur-stark-saftendes-gemuse-oder-fruchte-2-stuck-durchmesser-31-cm-0070-02","status":"publish","type":"product","link":"https:\/\/amz.luba.de\/index.php\/product\/stockli-silikoneinlage-zu-dorrgitter-aus-bpa-freiem-silikon-in-der-farbe-hellgrau-fur-stark-saftendes-gemuse-oder-fruchte-2-stuck-durchmesser-31-cm-0070-02\/","title":{"rendered":"St\u00f6ckli Silikoneinlage zu D\u00f6rrgitter aus BPA-Freiem Silikon, in der Farbe hellgrau, f\u00fcr stark saftendes Gem\u00fcse oder Fr\u00fcchte, 2 St\u00fcck, Durchmesser: 31 cm, 0070.02"},"content":{"rendered":"<ul class=\"amazon_features\">\n<li>Praktische Silikoneinlage zu D\u00f6rrgitter der Marke St\u00f6ckli<\/li>\n<li>Hergestellt wurde die Einlage aus BPA-Freiem Silikon<\/li>\n<li>Genutzt wird es f\u00fcr stark saftendes Gem\u00fcse oder Fr\u00fcchte damit ein Tropfen der Feuchtigkeit in die Heizung verhindert werden kann<\/li>\n<li>Der Lieferumfang enth\u00e4lt zwei St\u00f6ckli Silikoneinlagen<\/li>\n<li>Lieferumfang: 1 x St\u00f6ckli Silikoneinlage zu D\u00f6rrgitter aus BPA-Freiem Silikon, in der Farbe hellgrau, f\u00fcr stark saftendes Gem\u00fcse oder Fr\u00fcchte, 2 St\u00fcck<\/li>\n<\/ul>\n","protected":false},"excerpt":{"rendered":"<p>Praktische Silikoneinlage zu D\u00f6rrgitter der Marke St\u00f6ckli Hergestellt wurde die Einlage aus BPA-Freiem Silikon Genutzt wird es f\u00fcr stark saftendes Gem\u00fcse oder Fr\u00fcchte damit ein Tropfen der Feuchtigkeit in die Heizung verhindert werden kann Der Lieferumfang enth\u00e4lt zwei St\u00f6ckli Silikoneinlagen Lieferumfang: 1 x St\u00f6ckli Silikoneinlage zu D\u00f6rrgitter aus BPA-Freiem Silikon, in der Farbe hellgrau, f\u00fcr [&hellip;]<\/p>\n","protected":false},"featured_media":336364,"comment_status":"closed","ping_status":"closed","template":"","meta":[],"product_brand":[],"product_cat":[15],"product_tag":[],"class_list":{"0":"post-336363","1":"product","2":"type-product","3":"status-publish","4":"has-post-thumbnail","6":"product_cat-uncategorized","8":"first","9":"instock","10":"taxable","11":"shipping-taxable","12":"purchasable","13":"product-type-simple"},"_links":{"self":[{"href":"https:\/\/amz.luba.de\/index.php\/wp-json\/wp\/v2\/product\/336363","targetHints":{"allow":["GET"]}}],"collection":[{"href":"https:\/\/amz.luba.de\/index.php\/wp-json\/wp\/v2\/product"}],"about":[{"href":"https:\/\/amz.luba.de\/index.php\/wp-json\/wp\/v2\/types\/product"}],"replies":[{"embeddable":true,"href":"https:\/\/amz.luba.de\/index.php\/wp-json\/wp\/v2\/comments?post=336363"}],"wp:featuredmedia":[{"embeddable":true,"href":"https:\/\/amz.luba.de\/index.php\/wp-json\/wp\/v2\/media\/336364"}],"wp:attachment":[{"href":"https:\/\/amz.luba.de\/index.php\/wp-json\/wp\/v2\/media?parent=336363"}],"wp:term":[{"taxonomy":"product_brand","embeddable":true,"href":"https:\/\/amz.luba.de\/index.php\/wp-json\/wp\/v2\/product_brand?post=336363"},{"taxonomy":"product_cat","embeddable":true,"href":"https:\/\/amz.luba.de\/index.php\/wp-json\/wp\/v2\/product_cat?post=336363"},{"taxonomy":"product_tag","embeddable":true,"href":"https:\/\/amz.luba.de\/index.php\/wp-json\/wp\/v2\/product_tag?post=336363"}],"curies":[{"name":"wp","href":"https:\/\/api.w.org\/{rel}","templated":true}]}}